it of 7396950?
3
What is the ten thousands digit of 267167?
6
What is the ten thousands digit of 582882?
8
What is the tens digit of 10380400?
0
What is the tens digit of 301?
0
What is the thousands digit of 7735899?
5
What is the hundreds digit of 4704888?
8
What is the tens digit of 882178?
7
What is the thousands digit of 3700647?
0
What is the hundred thousands digit of 657092?
6
What is the hundred thousands digit of 144860?
1
What is the ten millions digit of 12510802?
1
What is the hundreds digit of 990200?
2
What is the ten thousands digit of 571898?
7
What is the ten thousands digit of 1376788?
7
What is the hundreds digit of 28432823?
8
What is the ten thousands digit of 1219947?
1
What is the hundreds digit of 8369?
3
What is the units digit of 1332587?
7
What is the tens digit of 10889108?
0
What is the ten millions digit of 14976230?
1
What is the hundred thousands digit of 177693?
1
What is the millions digit of 3551906?
3
What is the hundred thousands digit of 11021662?
0
What is the millions digit of 3393748?
3
What is the tens digit of 2068217?
1
What is the hundred thousands digit of 781264?
7
What is the thousands digit of 1637504?
7
What is the hundreds digit of 555319?
3
What is the ten thousands digit of 72655?
7
What is the hundred thousands digit of 1999256?
9
What is the units digit of 346708?
8
What is the ten millions digit of 14344431?
1
What is the thousands digit of 5461474?
1
What is the hundred thousands digit of 1975501?
9
What is the hundred thousands digit of 4063248?
0
What is the hundreds digit of 516451?
4
What is the thousands digit of 5506928?
6
What is the hundred thousands digit of 16379129?
3
What is the hundreds digit of 536977?
9
What is the hundreds digit of 10217884?
8
What is the units digit of 2084047?
7
What is the units digit of 770152?
2
What is the thousands digit of 11316859?
6
What is the tens digit of 16824009?
0
What is the tens digit of 2229768?
6
What is the tens digit of 684756?
5
What is the hundred thousands digit of 30831647?
8
What is the ten thousands digit of 4897418?
9
What is the hundreds digit of 2523873?
8
What is the hundreds digit of 316973?
9
What is the thousands digit of 823267?
3
What is the thousands digit of 61531?
1
What is the thousands digit of 873004?
3
What is the tens digit of 4706853?
5
What is the units digit of 10559879?
9
What is the thousands digit of 15463?
5
What is the ten thousands digit of 296684?
9
What is the units digit of 874285?
5
What is the hundred thousands digit of 6571035?
5
What is the hundreds digit of 1405618?
6
What is the hundred thousands digit of 270059?
2
What is the hundreds digit of 8806722?
7
What is the hundred thousands digit of 3281807?
2
What is the units digit of 122416?
6
What is the ten thousands digit of 17379907?
7
What is the ten millions digit of 12606887?
1
What is the hundred thousands digit of 266373?
2
What is the hundred thousands digit of 1043178?
0
What is the millions digit of 3279222?
3
What is the units digit of 1313071?
1
What is the thousands digit of 1467407?
7
What is the ten thousands digit of 15418678?
1
What is the thousands digit of 249414?
9
What is the ten thousands digit of 381810?
8
What is the hundred thousands digit of 8801444?
8
What is the hundred thousands digit of 764240?
7
What is the thousands digit of 8912?
8
What is the tens digit of 2113469?
6
What is the tens digit of 8214587?
8
What is the thousands digit of 401859?
1
What is the hundred thousands digit of 209957?
2
What is the hundreds digit of 9427558?
5
What is the tens digit of 658699?
9
What is the hundred thousands digit of 13069410?
0
What is the hundreds digit of 290568?
5
What is the ten thousands digit of 10415957?
1
What is the units digit of 28308282?
2
What is the units digit of 645090?
0
What is the thousands digit of 2125974?
5
What is the ten thousands digit of 108493?
0
What is the thousands digit of 145095?
5
What is the ten thousands digit of 868432?
6
What is the millions digit of 3111442?
3
What is the millions digit of 3234784?
3
What is the ten thousands digit of 440196?
4
What is the ten thousands digit of 16977190?
7
What is the thousands digit of 3108758?
8
What is the millions digit of 2969382?
2
What is the hundreds digit of 1525595?
5
What is the units digit of 15159698?
8
What is the tens digit of 9085?
8
What is the ten thousands digit of 8748425?
4
What is the units digit of 3692650?
0
What is the tens digit of 182915?
1
What is the tens digit of 36745575?
7
What is the hundred thousands digit of 4715597?
7
What is the ten thousands digit of 232076?
3
What is the hundred thousands digit of 921477?
9
What is the thousands digit of 68389?
8
What is the ten thousands digit of 9678388?
7
What is the ten thousands digit of 128304?
2
What is the hundred thousands digit of 880514?
8
What is the millions digit of 1852352?
1
What is the hundred thousands digit of 13279651?
2
What is the thousands digit of 754004?
4
What is the ten millions digit of 23507858?
2
What is the units digit of 251088?
8
What is the ten thousands digit of 416074?
1
What is the ten thousands digit of 1398076?
9
What is the thousands digit of 5668906?
8
What is the hundreds digit of 34348?
3
What is the hundreds digit of 455887?
8
What is the ten thousands digit of 560679?
6
What is the ten thousands digit of 147624?
4
What is the units digit of 5774663?
3
What is the ten thousands digit of 605040?
0
What is the ten thousands digit of 3410360?
1
What is the tens digit of 2218584?
8
What is the thousands digit of 2992794?
2
What is the ten thousands digit of 1288062?
8
What is the units digit of 654047?
7
What is the ten thousands digit of 3752391?
5
What is the hundreds digit of 5328398?
3
What is the ten thousands digit of 24180?
2
What is the units digit of 97798?
8
What is the ten thousands digit of 2032516?
3
What is the units digit of 356770?
0
What is the units digit of 8632654?
4
What is the tens digit of 8076912?
1
What is the hundreds digit of 856146?
1
What is the hundreds digit of 1458777?
7
What is the hundreds digit of 1515223?
2
What is the units digit of 38167?
7
What is the hundred thousands digit of 669792?
6
What is the tens digit of 1599838?
3
What is the ten thousands digit of 13559837?
5
What is the units digit of 7876?
6
What is the hundreds digit of 351818?
8
What is the millions digit of 6749223?
6
What is the hundred thousands digit of 5102084?
1
What is the tens digit of 671137?
3
What is the hundred thousands digit of 325656?
3
What is the hundreds digit of 27258?
2
What is the hundred thousands digit of 925157?
9
What is the ten thousands digit of 13404456?
0
What is the hundreds digit of 100545?
5
What is the hundreds digit of 71308?
3
What is the millions digit of 1553232?
1
What is the units digit of 520662?
2
What is the millions digit of 7609414?
7
What is the hundreds digit of 151196?
1
What is the hundred thousands digit of 4364623?
3
What is the thousands digit of 14623876?
3
What is the hundred thousands digit of 160543?
1
What is the ten millions digit of 15940629?
1
What is the hundred thousands digit of 2397160?
3
What is the units digit of 5568036?
6
What is the units digit of 15922?
2
What is the units digit of 326192?
2
What is the hundreds digit of 425005?
0
What is the hundred thousands digit of 15013264?
0
What is the hundreds digit of 110462?
4
What is the tens digit of 323198?
9
What is the units digit of 9787687?
7
What is the units digit of 7718754?
4
What is the ten thousands digit of 11227940?
2
What is the hundreds digit of 83112?
1
What is the units digit of 202970?
0
What is the tens digit of 8171434?
3
What is the units digit of 5176202?
2
What is the ten thousands digit of 4611605?
1
What is the thousands digit of 2589899?
9
What is the units digit of 3670309?
9
What is the millions digit of 20199253?
0
What is the units digit of 5040004?
4
What is the hundreds digit of 59423?
4
What is the tens digit of 1859652?
5
What is the hundreds digit of 4103751?
7
What is the hundreds digit of 304897?
8
What is the tens digit of 10248606?
0
What is the hundreds digit of 3537313?
3
What is the thousands digit of 106207?
6
What is the ten thousands digit of 537276?
3
What is the millions 